6 = h*a. What is the highest common divisor of 19 and a?
19
Let n be 4/(-18) + 2706/27. What is the highest common divisor of 40 and n?
20
Suppose -4*l + 48 = -4*m, 2*l + 5*m = -2*l + 21. What is the highest common divisor of l and 45?
9
Suppose 5*t - 1020 = -245. What is the greatest common factor of 62 and t?
31
Suppose 2*o = v + 81, 4*o + 4*v - 132 = -0*o. Suppose 3*y - 11 + o = 0. Let t = y + 23. Calculate the greatest common factor of 98 and t.
14
Let i be -6*((-5)/(-3) - 1). Let v(y) = y**2 - 4*y**3 + 6 - 3*y - 4 - 4 + 2*y**3. Let s be v(i). What is the greatest common factor of s and 14?
14
Let o(d) = 4*d + 1. Let k be o(1). Suppose 3*w - 67 = k*n, n + n + 46 = 2*w. What is the greatest common divisor of w and 8?
8
Let d be (-2)/(-8) - 105/(-12). Let y(t) = 2*t + 9. Let p be y(7). Suppose -2*f - p = -59. What is the highest common divisor of f and d?
9
Let h be (-1 + -2 - -75)/1. What is the highest common divisor of 24 and h?
24
Let r = 30 + -19. Let n = 24 - r. Calculate the greatest common factor of n and 104.
13
Let u = 142 - 116. What is the greatest common divisor of 65 and u?
13
Let k = -127 - -289. Suppose -31 = 4*g + 5*a - 6, 2*a = 2*g - 10. Let m(l) = l**3 + l + 18. Let y be m(g). What is the greatest common factor of y and k?
18
Suppose 0 = q - 3. Let h be ((-8)/(-20))/(2/60). Calculate the greatest common divisor of h and q.
3
Let q be 8/2*(-2)/(-4). Suppose -x - 3*i + 3 = 0, q*x = -3*x + 4*i + 91. Let k = 0 + x. Calculate the highest common factor of 3 and k.
3
Suppose 3*u + 7*u = 800. Let d be 1*(0 + -2) - -18. What is the highest common divisor of d and u?
16
Let o be 4*(14/4 - 2). Let m = o - 2. Let a be m/12 + (-526)/(-6). Calculate the greatest common divisor of a and 8.
8
Suppose -2*z + 88 = -10. Calculate the greatest common divisor of 7 and z.
7
Let f = 23 - -29. Let h = -31 + f. Calculate the greatest common factor of h and 168.
21
Let r be 2 + (3 - (-2)/(-2)). Suppose -5*x - 2 = -2*p - 4, 4*p - 8 = r*x. Calculate the highest common divisor of p and 32.
4
Let k be ((-6)/(-4))/(12/16). Let c(a) = a - 2. Let v be c(6). Suppose -v = -2*z - k*z. What is the highest common divisor of z and 11?
1
Suppose 94 = z - 5*b, -z = 2*z + b - 250. Calculate the highest common divisor of 12 and z.
12
Let k = 12 + -7. Suppose 0 = -k*j - 32 + 232. Let f = 5 - -5. What is the greatest common divisor of j and f?
10
Let m(c) = 12*c - 9. Let h be m(2). What is the greatest common factor of h and 240?
15
Let i(t) = 33*t. Let y be i(-1). Let u be 4/(-6) - y/9. Calculate the greatest common factor of 9 and u.
3
Let z(f) = -4 + 1 + 0*f**2 + f**2 + 0*f + 3*f. Let b be z(-6). What is the highest common divisor of b and 30?
15
Suppose 4*m = -0*m + 124. Calculate the highest common divisor of m and 279.
31
Let j = 81 + -54. What is the greatest common factor of 189 and j?
27
Suppose -5*z = -4*y - 15, -4*y = -2*z - 0*y + 6. Suppose 5*c = z*u + 13, c + 0 = 5. Let w = u - -20. Calculate the highest common divisor of 3 and w.
3
Let z(w) = -w**3 - 4*w**2 + 4*w + 1. Let o(i) = i - 5. Let a be o(0). Let c be z(a). Suppose -2*m + m + 6 = 0. Calculate the greatest common factor of c and m.
6
Let o = -198 - -303. Let p(x) = x**3 + 5*x**2 - x - 5. Let z be p(-4). What is the highest common divisor of o and z?
15
Suppose -460 = -14*l + 10*l. Calculate the highest common factor of 23 and l.
23
Let f be (-2)/(-6) + -4749*(-3)/27. Calculate the greatest common factor of f and 48.
48
Let o = -11 - -53. Calculate the highest common factor of o and 6.
6
Let r be 2 + (-2)/2 + -35. Let z = r + 114. What is the greatest common factor of z and 10?
10
Let x(q) = -3*q - 29. Let m be x(-10). What is the highest common divisor of 4 and m?
1
Let u(l) = -8*l - 3. Let a be u(-2). Suppose -5*x = -569 - 671. Suppose 0 = 5*m - 3*p - x, 2*p = m - 0*p - 44. What is the highest common divisor of m and a?
13
Let l(f) = 2*f - 6. Let j be l(11). Let r = 164 - 68. What is the highest common factor of r and j?
16
Let c = -16 - -20. Let b(t) = 5*t**3 + 2*t**2 + 2*t + 2. Let a be b(-2). Let h = -24 - a. Calculate the highest common factor of c and h.
2
Let z(m) be the first derivative of m**2/2 + 2*m - 1. Let w be z(5). What is the greatest common divisor of w and 28?
7
Suppose 5*z + 6*i - 159 = 5*i, 2*z - 62 = -2*i. What is the highest common factor of z and 32?
32
Let h be (-3)/(-4) - 111/24*-2. Let a be 9/(-6)*10/(-3). What is the greatest common divisor of h and a?
5
Suppose 2*s - r - 16 = 0, 5*s + 5*r = -0*s + 40. Let a be (-10)/40 + 866/s. Calculate the greatest common factor of 12 and a.
12
Suppose 3*o - 2*v = 0, -5*o = -0*o + v - 13. Suppose -o*h + 240 = 2*h + 4*b, 5*h - b - 330 = 0. What is the highest common factor of h and 26?
13
Let n = -33 - -77. Let v = -4 + 7. Let m = 7 - v. Calculate the greatest common factor of n and m.
4
Let f be (-62)/(-4) + 2/(-4). Calculate the greatest common divisor of 3 and f.
3
Suppose -z - 41 - 4 = -2*l, 3*z = -l + 19. What is the greatest common divisor of l and 110?
22
Suppose -l = -5*c - 7 - 16, -c = -2*l + 37. Let m = 25 - l. Let z be 1 + (68/(-2))/(-1). Calculate the greatest common factor of z and m.
7
Let i(d) = 3*d**2 - 4*d + 4. Let g be i(2). Calculate the highest common factor of 56 and g.
8
Suppose 5*r + 15 = -10. Let z(b) = 20*b + 5. Let f(q) = -7*q - 2. Let m(g) = -17*f(g) - 6*z(g). Let h be m(r). What is the highest common factor of h and 63?
9
Let i(w) = -4*w**3 + 2*w. Let v be i(-2). Calculate the greatest common factor of v and 42.
14
Let k = 2 - -1. Let w be 1/k - (-2)/(-6). Suppose w = 3*h + h - 48. Calculate the highest common divisor of h and 30.
6
Let k be 70 + -1 - (1 - 2). Let m(i) = -2*i**2 - 49*i - 14. Let t be m(-24). What is the highest common divisor of t and k?
10
Suppose 2*x + 1 = o, 5*o = -2*x - 0*x + 17. What is the highest common divisor of o and 21?
3
Let m(i) = -i - 8*i - 2 - 5*i**2 - 1 - i**3 + 13*i. Let p be m(-6). Calculate the highest common divisor of p and 99.
9
Let n(w) = -5*w - 65. Let x be n(-16). What is the greatest common divisor of 5 and x?
5
Suppose -2*m = -74 - 248. What is the highest common factor of 46 and m?
23
Let j be (2 + 9/6)*42. What is the highest common factor of 21 and j?
21
Let d = -176 - -248. What is the greatest common divisor of 8 and d?
8
Suppose 4 = -4*q, 2*p + q = -p + 5. Suppose 16 = p*o - 8. Calculate the greatest common divisor of o and 96.
12
Let x be 0/(2/(-4)*-2). Let d be x - 0 - 1 - -97. Suppose 5*u - 5*q - 85 = 0, -5*q - 15 = 10. Calculate the greatest common factor of u and d.
12
Suppose z + 0*q - 4*q = 0, -3*q = z - 7. Suppose z*h = -3*b + 69, 7*h - 3*h = -4*b + 72. Calculate the greatest common factor of h and 6.
3
Let w(q) = -q**2 - 14*q + 9. Let o be (-74)/6 - (-1)/3. Let k be w(o). Let g be -1 - -2 - (1 - 3). What is the greatest common divisor of g and k?
3
Suppose 24 + 80 = 4*p - 4*a, -15 = -5*a. Calculate the greatest common divisor of p and 232.
29
Suppose 5*t - 3*b - 54 = 0, -3*t - 1 + 40 = -4*b. Suppose -2*z = 3*d - 26, 8 = -3*d - 3*z + 38. What is the greatest common factor of d and t?
3
Let j = -57 - -255. Let u = -36 - -78. Let w = u - 24. Calculate the highest common divisor of j and w.
18
Let z be (-2)/5 + 3536/65. Let q = -60 + 96. What is the greatest common divisor of z and q?
18
Suppose 0 = r + r. Suppose r*j = -2*j - 3*u + 44, -5*j = -u - 76. Calculate the highest common divisor of j and 80.
16
Let j(f) = 7*f - 13. Let r be j(9). Suppose 2*k = 3*k - 10. What is the greatest common factor of r and k?
10
Let m(d) = 3*d**2 - 1. Let l be m(2). What is the highest common divisor of l and 22?
11
Suppose 0 = 4*x, 2*x = -u + 4*x + 24. Suppose 1365 - 405 = 8*p. What is the greatest common factor of u and p?
24
Suppose -2*x - 45 = -5*x - 3*a, 4*a = 4*x - 44. Calculate the highest common factor of 65 and x.
13
Let m be (-4 - -3)*-58 - -2. Calculate the highest common divisor of m and 24.
12
Suppose -4*x - 6*r = -r - 6, 0 = 2*x + 2*r - 4. Suppose 0 = -5*m + 27 + 13. Let y = m + 4. What is the greatest common divisor of x and y?
4
Suppose 15 = -3*f + 36. Let d = 16 + -9. Calculate the highest common divisor of d and f.
7
Let v(h) = 17*h**2 + 3*h - 2. Let s be v(2). Let m = 18 - 11. Suppose -2*k + 29 + m = 0. Calculate the greatest common factor of k a